 Let t = -84 - z. What is the tens digit of t?
3
What is the tens digit of (24/(-9) - -2)/((-3)/324)?
7
Let c(x) = -2*x**2 + 4*x**2 + 3*x - 2*x + 2*x. Let f be c(-4). Suppose 3*m = f + 13. What is the units digit of m?
1
Let k(d) = 3*d**2 + 2*d - d**3 + 0*d**2 + 4 + 7*d**2 - 3*d**2. Let q be k(7). Let a = q + -7. What is the tens digit of a?
1
Let t(f) = f**2 - 8*f - 2. Let b be t(8). Let l be 35 - (-3 - (1 + b)). Suppose 0 = -4*i + l + 27. What is the tens digit of i?
1
Let l be (-80)/(-15) - (-1)/(-3). Let y = 14 - l. What is the units digit of y?
9
Let d(x) = x**2 + 3*x - 3. Let w be d(-4). Let f(y) = 11*y**3 - 1. Let k be f(w). Let r = k - 7. What is the units digit of r?
3
Suppose -3*y + 2 = -4. Suppose -4*m + 2 = 3*q - y, 4*m + q + 4 = 0. What is the units digit of m + 4 + -1 + 7?
8
Let j = -10 - -6. Let r = j - -13. What is the units digit of r?
9
Let q(b) be the second derivative of b**5/20 - b**4/4 + 5*b**3/6 - 5*b**2/2 - 8*b. What is the tens digit of q(4)?
3
Suppose 0 = u - 4*u + 12. Suppose 195 = u*n + 59. What is the tens digit of n?
3
Let j be (1/(-1) + 3)*1. Suppose j*g + 6 = -0*g, -2*g + 10 = 2*x. What is the units digit of x?
8
Suppose -3*n = -4*n + 6. What is the units digit of (-1)/n - (-50)/12?
4
Suppose 3*d + 4*g = -61, -3*d - g - 65 = -16. Let i be (-1 + 2 - 0) + -6. Let p = i - d. What is the tens digit of p?
1
Suppose 7*m - 2*m - 10 = 0. Suppose -6*t + m*t + 96 = 0. What is the units digit of t?
4
Let o = 6 - 6. Suppose o = -m + 8 - 2. What is the units digit of m?
6
Let s = -7 + 11. Suppose l + 0*i = s*i + 1, 2*i = 2. Suppose -4 = -u + l. What is the units digit of u?
9
Let x be -2*21/(-12)*2. Let f = x - 6. What is the units digit of (f/3)/((-1)/(-3))?
1
Let h(u) = -u + 7. Let s = 15 - 9. What is the units digit of h(s)?
1
Suppose -6*k = -5*k - 69. What is the units digit of 4*(k/12 - 0)?
3
Let m(z) = -22*z + 10. What is the units digit of m(-14)?
8
Let i = 186 - 262. Let a be i/(-18) + (-10)/45. Suppose 0 = 5*l - 3*l - 8, a*f = 2*l + 12. What is the units digit of f?
5
Suppose 659 + 615 = 13*r. What is the tens digit of r?
9
Let x be (0 - (2 + 24)) + -1. What is the units digit of -2 + (x - 0)/(-3)?
7
Let q be (-48)/(-3) + (1 - 1). Suppose 5*h = -5*b + 5, 3*b + h = -b + q. Let w = 9 - b. What is the units digit of w?
4
Suppose -2*j = 4*s - 3*j - 361, 5*s - 452 = j. What is the units digit of s?
1
Suppose -24 = -4*b + 4*d, -2*d + 48 = 5*b + 2*d. Suppose 0 = 3*t + 5*g - 23, 0 = -3*t + 4*g - 5 - b. What is the units digit of t?
1
Let a(f) = f**2 + f - 4. Let m be a(3). Let u(j) = 3*j + 1. Let p be u(1). Suppose -32 = p*r - m*r. What is the units digit of r?
8
Suppose 0 = 3*x - 6, -2*x - 7 - 1 = -3*n. What is the units digit of n?
4
Let w = 109 + -76. What is the tens digit of w?
3
Let o(t) = 33*t. Let n be o(2). Suppose -5*c = -3*w - n, 4*c + 2*w = 6 + 38. Let q = c - 3. What is the units digit of q?
9
Suppose 5*m = -y - 2 + 84, 454 = 5*y + 3*m. Let a = y - 59. Let u = a - 21. What is the tens digit of u?
1
Suppose 3*d - 22 = 65. Let y = -18 + d. What is the tens digit of y?
1
Suppose -a = -5*t - 43, -4*a - 4*t = -6*a + 104. What is the tens digit of a?
5
Let a(f) = 6*f - 5*f - 4*f**2 - 4 + 4*f + f**3. Let w be a(3). Suppose 0 = -3*n + q + 7, -w*n - 4*q - 14 = -7*n. What is the units digit of n?
2
Let z = -28 - -80. What is the tens digit of 680/26 + (-8)/z?
2
Suppose 30 = 5*k - 495. What is the units digit of k?
5
Let y = 36 + -21. What is the units digit of y?
5
Let r = 23 + -14. What is the units digit of r?
9
Let y = -6 - -29. What is the units digit of y?
3
Let h(d) = d**2 - 2*d + 2. Let q be h(3). Suppose -24 = -q*c + c. What is the units digit of c?
6
Let s(v) be the first derivative of 1/4*v**4 + 2*v**3 - 1/2*v**2 + 2 + v. What is the units digit of s(-6)?
7
Suppose 0 = 6*n - 4*n - 6. Let x be 4 - (n - 0 - 1). Suppose 3*b - 72 = -3*r, x*r = 4*b - 2*r - 80. What is the tens digit of b?
2
Let l be (1 - 7)/2*-1. Suppose 0 = -3*i - 0 - l. What is the units digit of -1 + i + 5 + 2?
5
Suppose -4*t + 2*j = -26, -1 - 9 = 2*j. Let d(w) = w**3 - w**2 - 2*w - 1. What is the tens digit of d(t)?
3
Let m be 315/(-10)*(-4)/(-3). Let g be ((-3)/1)/(9/m). Let i = g + 0. What is the tens digit of i?
1
Suppose -12 = 3*n - 7*n. Let r(u) = 8*u**3 + 1 - n*u**2 + u - 2*u + 2*u**2. What is the units digit of r(1)?
7
Let n(b) be the first derivative of b**3/3 + 2*b**2 + 9*b + 2. Let s be n(-7). Suppose -4*m + m = -s. What is the tens digit of m?
1
What is the units digit of 4/6*78/4?
3
Suppose 5*z + 15 = 5*n, -5*n + 32 = 7. Suppose z*p - 3 = 63. What is the tens digit of p?
3
Suppose -6*b + 226 - 82 = 0. What is the units digit of b?
4
Let h(j) = -2*j + 8. Let d be h(-12). Suppose 5*m - d = 3*m. What is the tens digit of m?
1
Let j be (-6)/(-21) + (-24)/(-14). Let a = j - -2. What is the units digit of a?
4
Let f be 2*3/(-9)*-6. Let y = 15 - f. What is the tens digit of y?
1
What is the units digit of 41 - 3/(0 - 3)?
2
Suppose 0 = -3*q + 2 + 4. Suppose -3*v - 13 = 2*w, 2*v - q*w + 22 = -6*w. Let g(z) = -11*z**3 - z**2. What is the units digit of g(v)?
0
Suppose 0*n = 9*n - 1161. What is the hundreds digit of n?
1
Let m(t) = t**2 + 2*t**2 + t + 5 + t**3 + 2*t**2 - t**2. What is the units digit of m(-4)?
1
Let o(d) = 13*d**2 + 81*d - 8. What is the tens digit of o(-7)?
6
Let y be 2*(12/3)/(-2). Let w be y/(-10) + 14/(-10). What is the tens digit of (-84)/18*w*3?
1
Let n(t) = -t**2 - 14*t - 6. Suppose -i + 1 = 0, 0*j = 5*j - 2*i + 67. What is the units digit of n(j)?
7
Suppose -b + 0*b + 7 = 0. What is the units digit of b?
7
Let f = 7 + -3. Suppose -f*o + 9 = 1. Suppose 33 = 5*p + d, o*p - 3*d = -5*d + 18. What is the units digit of p?
6
Let r(h) = 2*h**2 + 7*h + 14. What is the units digit of r(-3)?
1
Let t = 366 + -253. What is the tens digit of t?
1
Let j(r) = -4*r - 6. Let p = -5 - 2. Let q be j(p). Suppose 5*s - 8 = q. What is the units digit of s?
6
Suppose i - 5*q - 12 = 0, 3*q - 2 = 2*i - 6*i. What is the units digit of 3/i - (-6)/(-12)?
1
Suppose 0*v - 106 = -d + 5*v, -5*d - 4*v = -472. What is the tens digit of d?
9
Let a be (132/(-30))/(1/20). What is the units digit of a/(-10) + (-2)/(-10)?
9
Let l(p) = 2*p - 19. Let g(w) = -w + 10. Let v(t) = 13*g(t) + 6*l(t). Let q(s) = -s**2 - 7*s + 2. Let x be q(-6). What is the units digit of v(x)?
8
Suppose 2*d + 3*f - 5 = d, 36 = 4*d - 4*f. Suppose -3*a - 20 = -d*a. Suppose -w = 0, 0 = g + 2*g + a*w - 18. What is the units digit of g?
6
Let n = 30 - 13. Let h = n + 3. What is the units digit of h?
0
Let z = -3 + 23. Let t = 4 + z. Suppose -t = -2*v - 2*v. What is the units digit of v?
6
Let k(j) = 30*j. Let o be k(1). Suppose -3*l - 2*b + o = 2*l, 6 = l - 3*b. What is the units digit of l?
6
Let g(a) be the first derivative of -11*a**3/3 + a**2/2 - a - 4. Let b be g(1). Let l(q) = -q**3 - 11*q**2 + 2. What is the units digit of l(b)?
2
Suppose -4*z - 4 = -2*z. Let w be (8/10)/(z/(-5)). Suppose 2*r - l + 2*l = 19, w*r - 22 = -2*l. What is the units digit of r?
8
Let h be 4/14 - (-38)/14. Suppose 4*q + 2*d + d - 29 = 0, 5*q - 3*d = 43. Suppose h*z - 32 = -q. What is the units digit of z?
8
Suppose 0 = 2*w - 7*w + 10, -d + 12 = 4*w. Let b = -2 + d. What is the units digit of b?
2
Let h be (-14)/7 + 1*6. Suppose -h*y + 88 = -2*y. What is the tens digit of y?
4
Suppose 2*p - 122 = -4*d, 4*p = -4*d - 0*p + 124. What is the units digit of d?
0
Suppose -4*w + 2*w = -20. Suppose 0 = -5*m - 50 + w. Let r = 18 + m. What is the tens digit of r?
1
Suppose g = -g. Suppose -n - 4*u + 14 = g, 3*n + 4*u = u + 15. Suppose -n*z = -7*z + 50. What is the tens digit of z?
1
Let h = 6 - 9. Let j(z) = -3*z - z**2 + 5 - z - 2. What is the units digit of j(h)?
6
Suppose -5*b + 23 + 37 = -j, 2*b + 5*j + 3 = 0. What is the tens digit of b?
1
Suppose -218 = -4*k + 2*r - 52, -2*k + 3*r = -93. What is the tens digit of k?
3
Let n(d) = -2*d - 9. Let i be n(-6). Let b be (-1)/i - 32/(-6). Suppose 0*l + 20 = b*l. What is the units digit of l?
4
Suppose 0*p - 2*p = -3*j - 47, 4*p + 2*j - 86 = 0. What is the tens digit of p?
2
Let b = -76 + 180. What is the tens digit of b?
0
Suppose -3*g = -6*g - 258. What is the units digit of (g/(-3))/((-8)/(-12))?
3
Let n(r) = -r**2 - 3*r - 4. Let j be n(-2). What is the units di